In base 13, what is -247 - 7704?
-794b
In base 16, what is 23a1 + 570?
2911
In base 11, what is 172480 + 9a?
17256a
In base 7, what is 2136201503 + 3?
2136201506
In base 9, what is -63405275 + -4?
-63405280
In base 11, what is 65629 - -126?
65754
In base 14, what is 1 - 253499d9?
-253499d8
In base 10, what is 975 + 26829?
27804
In base 11, what is -12 - 265699?
-265700
In base 9, what is -4 - -13570802?
13570787
In base 3, what is 11221111002011 + -11?
11221111002000
In base 15, what is -8 + 20c02b?
20c023
In base 15, what is -cb1e + 454?
-c6ba
In base 7, what is 4 - -4365366?
4365403
In base 11, what is 290 - -74927?
75107
In base 7, what is 4316 - -135553?
143202
In base 15, what is 2d2e5 + 14?
2d309
In base 15, what is -5421971 + 0?
-5421971
In base 15, what is 3d3d4 + -49?
3d38a
In base 16, what is 383ea6 + -3?
383ea3
In base 12, what is -1b + 307a9?
3078a
In base 3, what is -201110110121 + -2020?
-201110112211
In base 8, what is 3 + 17366711?
17366714
In base 6, what is 24 + 24304544?
24305012
In base 14, what is -7cdb63 + 3?
-7cdb60
In base 10, what is 773472 + -68?
773404
In base 14, what is -2 - -2b9412?
2b9410
In base 8, what is -1033157 + -63?
-1033242
In base 15, what is cd2d + 3ec?
d22a
In base 10, what is 1 + -248511737?
-248511736
In base 10, what is -102 - -166582?
166480
In base 9, what is -16 - -182246631?
182246614
In base 5, what is 10003 - -20324041?
20334044
In base 10, what is 2853 + 7719?
10572
In base 12, what is -4 - -43495?
43491
In base 10, what is 1005453 - 267?
1005186
In base 3, what is -110022022100 - 2101?
-110022101201
In base 13, what is -c + 68a89?
68a7a
In base 13, what is 4 - 74514a6?
-74514a2
In base 7, what is 1615224131 + 2?
1615224133
In base 13, what is 8cc4 + -281?
8a43
In base 10, what is -5 + 27023887?
27023882
In base 15, what is a2129cc + 5?
a2129d2
In base 10, what is 10592380 - 1?
10592379
In base 12, what is 27b48 + 24a?
28196
In base 16, what is -4 + -499e5b?
-499e5f
In base 9, what is -3118 - -15746?
12627
In base 2, what is 101000011 + -10000100100111001?
-10000011111110110
In base 14, what is aa358 + -c?
aa34a
In base 13, what is 23a4 - -48b87?
4b25b
In base 9, what is -6 - -5161528?
5161522
In base 6, what is -1325532 - -534?
-1324554
In base 9, what is 13355 - 30084?
-15628
In base 3, what is -122 - -21200221201021?
21200221200122
In base 6, what is 101252 + 102?
101354
In base 7, what is 22415 + 230?
22645
In base 7, what is 0 - 61415611?
-61415611
In base 4, what is -10230300 + -103101?
-11000001
In base 13, what is 12 + -369228?
-369216
In base 2, what is 1001011001 + -101100010100110?
-101011001001101
In base 14, what is 28dbda - -4?
28dc00
In base 13, what is c4b97 - -4?
c4b9b
In base 4, what is 11 + 10031013221?
10031013232
In base 2, what is 1000011011111010 + -100101?
1000011011010101
In base 10, what is 13845 - 791?
13054
In base 4, what is 11 - -1303021202300?
1303021202311
In base 15, what is 28a - 21e0e?
-21b74
In base 8, what is -22 - -10773254?
10773232
In base 8, what is -1011754545 + 5?
-1011754540
In base 9, what is -2057 + 35036?
32868
In base 7, what is 4 - -6462033344?
6462033351
In base 15, what is -87b + -2d28e?
-2db1a
In base 3, what is -2122200 - -122102011?
112202111
In base 12, what is 5 + 147517b?
1475184
In base 11, what is 68a1695 - -3?
68a1698
In base 9, what is 6420 + -55875?
-48455
In base 12, what is 22454 - -683b?
29093
In base 4, what is 202131302122 + -100?
202131302022
In base 16, what is -40294 - 2a2?
-40536
In base 13, what is 8b1b98c + 11?
8b1b9a0
In base 11, what is 602 - -630268?
63086a
In base 15, what is -674c + -559?
-6ca6
In base 6, what is -13314 + -313432?
-331150
In base 12, what is -90146a - -5?
-901465
In base 2, what is -1 + 10000111110010111101010?
10000111110010111101001
In base 6, what is 424140350 + -11?
424140335
In base 11, what is -58 - 560600?
-560658
In base 15, what is -d0be1 + -28?
-d0c19
In base 7, what is -1636 + -62035?
-64004
In base 4, what is -3331331 - -221221?
-3110110
In base 6, what is 441 + 1234011?
1234452
In base 13, what is -5177b2 + -5?
-5177b7
In base 6, what is -43002 + -3043?
-50045
In base 4, what is -1 + -1233030102331?
-1233030102332
In base 2, what is 11 + 100000000100000000110001?
100000000100000000110100
In base 14, what is -5 - 7822c97?
-7822c9c
In base 2, what is -1001 - -11011011010110000100101?
11011011010110000011100
In base 8, what is 742 - -2127655?
2130617
In base 11, what is 119a2992 - 11?
119a2981
In base 5, what is 1044233202 + 14?
1044233221
In base 7, what is 12326061 - 50?
12326011
In base 6, what is 23211231 - 0?
23211231
In base 6, what is 2 - -135002005?
135002011
In base 10, what is 334485 - -10?
334495
In base 6, what is -221313045221 + 3?
-221313045214
In base 9, what is 1067232 + 10?
1067242
In base 15, what is 5 + c80b19?
c80b1e
In base 6, what is 350 - 1011203?
-1010413
In base 5, what is -3104301 - -2232?
-3102014
In base 5, what is 40243212 - -343?
40244110
In base 14, what is -1 + 6962d85?
6962d84
In base 4, what is -1 - -11202300211?
11202300210
In base 2, what is 0 + 1010001110001011011011110010?
1010001110001011011011110010
In base 13, what is 4a7c - -42a?
51a9
In base 13, what is 3400 - -1726?
4b26
In base 8, what is 13330535 - 2?
13330533
In base 14, what is d - -23d83?
23d92
In base 4, what is 13 + -3033030303303?
-3033030303230
In base 7, what is -10 + 1051240?
1051230
In base 10, what is 2 + 4732774?
4732776
In base 7, what is 1 - -4125061031?
4125061032
In base 10, what is -41829 - -436?
-41393
In base 16, what is -2fa7c7a - -3?
-2fa7c77
In base 6, what is 222235 + -33235?
145000
In base 5, what is -1 + -201200441?
-201200442
In base 8, what is -65273611 + -16?
-65273627
In base 8, what is -20742527 + -1?
-20742530
In base 2, what is -101 - -1000011100101111101000?
1000011100101111100011
In base 15, what is 1c - -15a73?
15a90
In base 16, what is -2202f + -150?
-2217f
In base 10, what is 18663 - -82?
18745
In base 14, what is -6 - 8164a8?
-8164b0
In base 7, what is -1234 + -351451?
-353015
In base 16, what is 8 - 417fd7?
-417fcf
In base 7, what is 243 - -23210652?
23211225
In base 15, what is 0 - 3423d4?
-3423d4
In base 7, what is -1161 + -5650325?
-5651516
In base 15, what is 12200 - -464?
12664
In base 2, what is -1111011110001010 + -11100001?
-1111100001101011
In base 7, what is -161063544 + 2?
-161063542
In base 9, what is -26606876 + 3?
-26606873
In base 11, what is -51 - 284018?
-284069
In base 10, what is 6454 + -2439?
4015
In base 8, what is 71 + -104545?
-104454
In base 9, what is 5 - -152835855?
152835861
In base 2, what is 11111011111000001 - -11100?
11111011111011101
In base 16, what is 44f412 - 5?
44f40d
In base 5, what is -211 + 1223300004?
1223244243
In base 6, what is 43 + 543033?
543120
In base 3, what is -1001020010 + -1102?
-1001021112
In base 9, what is 4 + 3212365?
3212370
In base 15, what is -3 - e07062?
-e07065
In base 12, what is -389363 - 5?
-389368
In base 3, what is 10 - -11101000022212022?
11101000022212102
In base 8, what is -60607356 + -1?
-60607357
In base 16, what is 860fb - 5e8?
85b13
In base 13, what is -4 + -1937ca82?
-1937ca86
In base 15, what is 95 + -91?
4
In base 16, what is -107edb - 27?
-107f02
In base 10, what is -6334704 + 53?
-6334651
In base 13, what is -216 + 13726?
13510
In base 5, what is -1442203424343 + -2?
-1442203424400
In base 10, what is 8304 - -7098?
15402
In base 13, what is 3 + -73c69?
-73c66
In base 9, what is 131416106 - -5?
131416112
In base 8, what is 6214074 - 6?
6214066
In base 13, what is 5b - 6b05ab?
-6b0550
In base 7, what is 1632454 + 23?
1632510
In base 12, what is -5b - -89397?
89338
In base 6, what is 4000 + -5255?
-1255
In base 2, what is 101111000001110101011110011 - -11?
101111000001110101011110110
In base 10, what is 6550290 - -3?
6550293
In base 3, what is -22 + -12112102111112?
-12112102111211
In base 16, what is -32 - 204471?
-2044a3
In base 9, what is 10626 - 16344?
-5617
In base 2, what is 101011010101011001110110 + -10?
101011010101011001110100
In base 2, what is -110001 + 101110110111011001?
101110110110101000
In base 15, what is -53 - 18dc50b?
-18dc55e
In base 15, what is -10 - 9ac2?
-9ad2
In base 6, what is 5 - -30253211?
30253220
In base 8, what is 3234 + -136612?
-133356
In base 3,